nd derivative of y**5/60 + y**4/4 - y**3/3 + y**2 - 2*y. Let x(g) be the first derivative of t(g). List the prime factors of x(-7).
5
Suppose -v + 0 + 1 = 0. Suppose 9 + v = 5*j. Suppose -k - 3*k - s = -34, -j*k + 3*s = -10. What are the prime factors of k?
2
Suppose -r + 9 = 3*p, 0*r - 23 = -3*r - 5*p. Suppose -4*o = 2*l - r, 0 = -2*l - 2*l - 4*o + 12. List the prime factors of l.
3
Suppose -67*u - 396 = -70*u. List the prime factors of u.
2, 3, 11
Suppose k + 3*k = 0. Suppose k = -l - 5 - 3. List the prime factors of (6/l)/((-1)/4).
3
Suppose -5*w = 4*n - 103, 5*n = w - 0*w + 136. Suppose 5*j - 24 = 7*b - 6*b, 4*j - 16 = 4*b. Suppose n = -j*p + 72. List the prime factors of p.
3
Suppose 4*w - c = 2*c - 22, 4*w - 5*c + 18 = 0. Let u(v) = 3*v - 1. Let a be u(w). Let o = a - -32. List the prime factors of o.
2, 5
Let y be 1 + -2 + (3 - 2). Suppose -l - 2*l - 4*z - 3 = y, 0 = 4*l + 5*z + 3. Suppose 0*j + 27 = l*j. List the prime factors of j.
3
Let h(a) = -a**2 - 31*a - 15. List the prime factors of h(-13).
3, 73
What are the prime factors of (39 - 36)/(2/(496/6))?
2, 31
Let l = -1 - -3. Let z = l - 3. Let s(k) = -12*k + 1. What are the prime factors of s(z)?
13
Let x = 37 + 15. What are the prime factors of x?
2, 13
Suppose -5*w + 24 = -6. What are the prime factors of (w/12)/(2/76)?
19
Suppose 0 = c - 12 + 2. Let p = -14 + c. Let w = p - -20. List the prime factors of w.
2
Let g = 18 + 5. What are the prime factors of g?
23
Let m = 120 + -71. What are the prime factors of m?
7
Suppose 2*w + 2*c = 262, -5*w = -0*w - 3*c - 663. What are the prime factors of w?
2, 3, 11
Suppose -21 = 2*y - 447. List the prime factors of y.
3, 71
Let o(h) be the second derivative of -h**3/2 + h**2/2 + 2*h. Let i be o(-1). Suppose 0 = p + l - 4, p + i*l = -p + 2. List the prime factors of p.
7
Suppose c = -16 + 111. List the prime factors of c.
5, 19
Let q(y) = -25*y**3 + 1. Let n be q(-1). Let r be (1 - -1)*n/4. Let s = -2 + r. What are the prime factors of s?
11
Suppose -3*f = i + 120, f + i + 35 = -i. Let w = f + 67. List the prime factors of w.
2, 13
Suppose -3*o + 35 = 4*j, j - o - 4*o + 20 = 0. Let g = -92 - -152. Suppose 5*m + j = g. What are the prime factors of m?
11
Suppose -3*x + 2*x - 4*s = -4, -3 = -5*x - 3*s. Suppose 4*l - 20 = 0, x = 3*j - 2*l - 0*l + 61. Let p = j - -30. What are the prime factors of p?
13
Suppose -3*z - 193 = k - 34, 5*z = -5*k - 275. Let h = -23 - z. Let m = h - 12. What are the prime factors of m?
17
Let z be 5/(-5) + (6 - 1). Suppose -4*r - n + 8 = z*n, 5*r - 2*n - 10 = 0. What are the prime factors of r?
2
Suppose -3*y + y + 580 = 0. List the prime factors of y.
2, 5, 29
Suppose -2*q + 20 = f, -2*q - 2*f + 28 = f. What are the prime factors of q/12*(2 - -1)?
2
Let f(w) = 8*w + 42. What are the prime factors of f(-5)?
2
Suppose -6*y + 2745 = 3*y. List the prime factors of y.
5, 61
Let s(p) = -p**3 + 12*p**2 + p + 17. List the prime factors of s(12).
29
Suppose -9 - 5 = -2*d. Let u = d + -9. List the prime factors of 11 - (1 - 0/u).
2, 5
What are the prime factors of (312/16)/((-2)/(-8))?
2, 3, 13
What are the prime factors of (-724)/(-4) - (-2 + 5 + -1)?
179
Let t(n) = n**2 + 2*n + 2. Let b be t(-3). Suppose x = -2*h + 3, 2*x + 8 = b*h - 22. List the prime factors of h.
2
Let b(p) = -2*p + 3. Let x(u) = 3*u - 2. Let q(y) = 4*b(y) + 3*x(y). Let s be q(-5). What are the prime factors of (4/14)/(s/7)?
2
Let v = 9 + -7. Suppose 0 = -v*x - 0*x + 6. List the prime factors of x.
3
Suppose 0 = 3*y - 2*y - 7. Let r(d) = -d**3 + 8*d**2 - 5*d. What are the prime factors of r(y)?
2, 7
Let g = -14 + 24. List the prime factors of (-22)/(-5) - 4/g.
2
Let u = -3 - -28. Suppose m + 4*m = u. Suppose -2*t - m*s + 27 = 0, 5*s + 85 = 5*t - 0*t. List the prime factors of t.
2
Suppose -4*w + 9 = 3*u, -4*u - 2*w - 7 = -3*w. List the prime factors of (1/(-1))/(u/5).
5
Let h = 26 - -9. List the prime factors of h.
5, 7
Suppose -10 + 186 = 4*u. What are the prime factors of u?
2, 11
Suppose 9*c = 24 + 696. What are the prime factors of c?
2, 5
Suppose 3*m - 181 = -m - 5*o, -2*m + o = -101. Suppose -4*g - c = 2*c - m, -15 = -5*c. Let d = 19 - g. List the prime factors of d.
3
Let k(c) = -c**3 - 9*c**2 - 6*c + 7. Let d be k(-8). Let v = d - -51. What are the prime factors of v?
2, 3, 7
Let q(v) = v**3 + 4*v**2 + 3*v + 1. Let h be q(-3). Let m be -2 - (-1 + h) - -10. Let a = m - 3. What are the prime factors of a?
5
Suppose 939 = 4*j - 5*n - 0*n, j - 3*n = 233. What are the prime factors of j?
2, 59
Suppose -4 + 6 = k. Suppose k*z + 4*y + 17 = 85, 3 = 3*y. Suppose -4*o = -32 - z. What are the prime factors of o?
2
Suppose 5*z - 397 + 17 = 0. What are the prime factors of z?
2, 19
Let g(a) = 8*a. Let v be 1 + (-2 - (0 + 0)). Let o be g(v). List the prime factors of -1*24*4/o.
2, 3
Let k(v) = -3*v - 1. Let h be k(-2). Let y = h - 4. Let w(c) = 5*c**2. What are the prime factors of w(y)?
5
Let m(p) = -p**2 - 1 - p**3 + 4*p - 4*p**2 + 0*p**2. Let b be m(-6). Suppose 0 = 2*i - b - 7. List the prime factors of i.
3
Suppose n + 10 = -q, q + 5 = 3*n - 5. Let k = q - -14. What are the prime factors of k?
2
Suppose 0 = 4*v + 2*o - 176, -5*v - 2*o + 222 = o. Let a = -20 + v. List the prime factors of a.
2, 11
Suppose -3*a + 2*h = 35, -a + 2*h = -3*a - 20. Let y = -6 - a. What are the prime factors of y - (-3 + 2/1)?
2, 3
List the prime factors of ((-54)/(-24))/((-1)/(-4)).
3
Suppose -h - x + 10 = -0*x, 5*h - 2*x - 15 = 0. Suppose h*l + 3*b - 26 = 0, -5*l + 11 = -3*b - 3. What are the prime factors of l?
2
Let m(o) = -28*o - 3. Let j be m(-2). Suppose 3*l - 7 = -2*i + 4, 3*l = 5*i + 25. Suppose 4*u + j = l*f + 11, -f = 3*u + 3. List the prime factors of f.
2, 3
Let t(u) = 2*u + 7. List the prime factors of t(8).
23
Let i(d) = d**2 + 7*d + 4. List the prime factors of i(-7).
2
Let y(k) = -3 + 4 + 2 + k. Let l be y(10). Let q = 19 - l. What are the prime factors of q?
2, 3
Let t = 0 + 1. Let c(p) = 9*p**2 - 2 + p - 2*p + 0*p + t. List the prime factors of c(-1).
3
Let y = -5 - -5. Let t be y*3/3 + -6. List the prime factors of (4/6)/(t/(-63)).
7
Let k be 10/3*45/30. Suppose -61 = -5*f + m, -f = -2*f + k*m + 17. List the prime factors of f.
2, 3
Let i(b) = 3*b. Let w be i(1). Suppose w*x = -6 - 9. List the prime factors of 2 - (3 + -1 + x).
5
Let n(j) = -j**2 - 7*j + 1. Let t be n(-8). Let g be -2*(1 - 6/(-4)). Let f = g - t. What are the prime factors of f?
2
Suppose 3*x - 15 = 0, -5*g - 2 = -4*x + 3. Let s = 9 - g. What are the prime factors of (-40)/s*(-9)/6?
2, 5
Let o(s) = s**2 + 6*s + 4. Let y be o(-4). Let n be (-164)/(-6) - y/(-12). Let h = 40 - n. What are the prime factors of h?
13
Suppose 0 = -2*r - 3*i + 231 + 359, 3*i = -4*r + 1180. Suppose -3*m - 4 = -13, 4*p - 3*m - r = 0. List the prime factors of p/6 - 10/15.
2, 3
Let n be (-35)/(-10) + 1/2. Let t(l) = l - 3. Let m be t(n). What are the prime factors of m/(2/20*1)?
2, 5
Let u = 20 - 22. What are the prime factors of ((-176)/55)/(u/25)?
2, 5
Let x(m) = 2*m**2 + 10*m + 10. List the prime factors of x(-8).
2, 29
Let y be (6/(-4))/(1/(-2)). Let m = 10 - y. List the prime factors of m.
7
Suppose b - 64 = -5*x, 4*x = -b + 2*b - 37. What are the prime factors of b?
7
Let n = 8 + 2. Let j be 2/10 - 102/n. List the prime factors of 2/6 - j/6.
2
Let g = 10 + -8. What are the prime factors of g?
2
Suppose -5*l = 2*i - 67, -i + 0*i = 4*l - 56. Let f be 9*(-1)/(-3)*-2. Let v = f + l. What are the prime factors of v?
3
Let s be 3 - 0 - (0 - -1). Suppose s*p - 15 = -3*v - 0*v, 4*p - 9 = v. List the prime factors of p.
3
Suppose -4*v = -3*v + 2. Let g(h) = h**3 + 10*h**2 + 8*h + 5. Let a(i) = i**2 + i + 1. Let o(y) = -6*a(y) + g(y). What are the prime factors of o(v)?
3
Suppose -2 = 3*s - s. Let r be ((0 - s) + -2)*-5. Suppose 0 = r*k - 21 - 24. What are the prime factors of k?
3
Let j(o) be the first derivative of -o**2/2 - 6*o + 2. Suppose 6*f - 36 = -90. What are the prime factors of j(f)?
3
Let z(x) = -3*x + 1. Let o be z(-1). Let i = o - 8. Let p = i + 10. What are the prime factors of p?
2, 3
Suppose -329 = -10*t + 3*t. What are the prime factors of t?
47
Let b(o) be the first derivative of -9/2*o**2 - 1/3*o**3 + 4*o - 4. What are the prime factors of b(-7)?
2, 3
Let s(v) = v - 6. Let l be s(8). Suppose 0 = -l*